{"id":664,"date":"2025-10-08T14:26:33","date_gmt":"2025-10-08T14:26:33","guid":{"rendered":"https:\/\/cedicentre.org\/?page_id=664"},"modified":"2025-10-08T14:26:33","modified_gmt":"2025-10-08T14:26:33","slug":"call-for-applications-two-training-experts-in-the-framework-of-the-project-fighting-corruption-you-can-contribute-3","status":"publish","type":"page","link":"https:\/\/cedicentre.org\/?page_id=664","title":{"rendered":"CALL FOR APPLICATIONS: TWO TRAINING EXPERTS IN THE FRAMEWORK OF THE PROJECT \u201cFIGHTING CORRUPTION: YOU CAN CONTRIBUTE!\u201d"},"content":{"rendered":"<p>[et_pb_section fb_built=&#8221;1&#8243; _builder_version=&#8221;4.24.0&#8243; _module_preset=&#8221;default&#8221; global_colors_info=&#8221;{}&#8221; theme_builder_area=&#8221;post_content&#8221;][et_pb_row _builder_version=&#8221;4.24.0&#8243; _module_preset=&#8221;default&#8221; min_height=&#8221;1973.3px&#8221; global_colors_info=&#8221;{}&#8221; theme_builder_area=&#8221;post_content&#8221;][et_pb_column type=&#8221;4_4&#8243; _builder_version=&#8221;4.24.0&#8243; _module_preset=&#8221;default&#8221; global_colors_info=&#8221;{}&#8221; theme_builder_area=&#8221;post_content&#8221;][et_pb_image src=&#8221;https:\/\/cedicentre.org\/wp-content\/uploads\/2024\/10\/credi.png&#8221; title_text=&#8221;credi&#8221; _builder_version=&#8221;4.24.0&#8243; _module_preset=&#8221;default&#8221; max_width=&#8221;14%&#8221; global_colors_info=&#8221;{}&#8221; theme_builder_area=&#8221;post_content&#8221;][\/et_pb_image][et_pb_text _builder_version=&#8221;4.24.0&#8243; _module_preset=&#8221;default&#8221; custom_margin=&#8221;-30px|||||&#8221; global_colors_info=&#8221;{}&#8221; theme_builder_area=&#8221;post_content&#8221;]<\/p>\n<p><strong>\u00a0<\/strong><\/p>\n<p><strong>CALL FOR APPLICATIONS: TWO TRAINING EXPERTS IN THE FRAMEWORK OF THE PROJECT \u201cFIGHTING CORRUPTION: YOU CAN CONTRIBUTE!\u201d<\/strong><\/p>\n<p><strong>Opening date of the call:<\/strong> \u00a0\u00a0\u00a0\u00a0\u00a0\u00a0\u00a0\u00a0\u00a0\u00a0\u00a0\u00a0\u00a0\u00a0\u00a0\u00a0 September 17, 2025<br \/><strong>Title:<\/strong> \u00a0\u00a0\u00a0\u00a0\u00a0\u00a0\u00a0\u00a0\u00a0\u00a0\u00a0\u00a0\u00a0\u00a0\u00a0\u00a0\u00a0\u00a0\u00a0\u00a0\u00a0\u00a0\u00a0\u00a0\u00a0\u00a0\u00a0\u00a0\u00a0\u00a0\u00a0\u00a0\u00a0\u00a0\u00a0\u00a0\u00a0\u00a0\u00a0\u00a0\u00a0\u00a0\u00a0\u00a0\u00a0\u00a0\u00a0\u00a0\u00a0 Experts for Training Development<br \/><strong>Location:<\/strong> \u00a0\u00a0\u00a0\u00a0\u00a0\u00a0\u00a0\u00a0\u00a0\u00a0\u00a0\u00a0\u00a0\u00a0\u00a0\u00a0\u00a0\u00a0\u00a0\u00a0\u00a0\u00a0\u00a0\u00a0\u00a0\u00a0\u00a0\u00a0\u00a0\u00a0\u00a0\u00a0\u00a0\u00a0\u00a0\u00a0\u00a0\u00a0\u00a0\u00a0\u00a0\u00a0 Shijak and P\u00ebrmet<br \/><strong>Contract start date:<\/strong> \u00a0\u00a0\u00a0\u00a0\u00a0\u00a0\u00a0\u00a0\u00a0\u00a0\u00a0\u00a0\u00a0\u00a0\u00a0\u00a0\u00a0\u00a0\u00a0\u00a0\u00a0\u00a0\u00a0\u00a0 September 30, 2025<br \/><strong>Contract end date:<\/strong> \u00a0\u00a0\u00a0\u00a0\u00a0\u00a0\u00a0\u00a0\u00a0\u00a0\u00a0\u00a0\u00a0\u00a0\u00a0\u00a0\u00a0\u00a0\u00a0\u00a0\u00a0\u00a0\u00a0\u00a0\u00a0\u00a0 February 28, 2026<\/p>\n<p>&nbsp;<\/p>\n<p><strong>Description<\/strong><\/p>\n<p>CEDI Center, with the support of AMSHC, is implementing the project <em>\u201cFighting Corruption: You Can Contribute!\u201d<\/em>, which aims to contribute to improving good governance and meeting the requirements for Albania\u2019s EU integration. The project focuses on two main directions: enhancing transparency and accountability at the local level, and engaging youth in the fight against corruption.<\/p>\n<p>Within this framework, two 2-day training sessions will be organized in P\u00ebrmet and Shijak Municipalities, with the aim of raising awareness, knowledge, and engagement of young people\u2014including members of Local Youth Councils, high school students, and young professionals\u2014in the fight against corruption.<\/p>\n<p>The trainings will aim to strengthen participants\u2019 capacities to identify, address, and prevent different forms of corruption in public and institutional life.<\/p>\n<p><strong>Objective<\/strong><\/p>\n<p>CEDI Center will contract two Experts, who will be responsible for designing the training program, preparing the necessary materials, and delivering the training sessions. They will work closely with the organizers to adapt the content to the knowledge level and needs of the target groups.<\/p>\n<p>Each training will last two days and will include interactive sessions, group discussions, practical exercises, and sharing of experiences related to integrity, transparency, and anti-corruption mechanisms.<\/p>\n<p><strong>Duties and Responsibilities<\/strong><\/p>\n<p>The Experts will:<\/p>\n<ul>\n<li>Develop the training methodology in coordination with the organizers.<\/li>\n<li>Prepare the training materials.<\/li>\n<li>Collaborate with the organizing staff on participant selection and logistics.<\/li>\n<li>Report to CEDI Center.<\/li>\n<\/ul>\n<p><strong>Qualifications and Requirements<\/strong><\/p>\n<ul>\n<li>University degree in Political Science, Law, Public Administration, Education, or related fields.<\/li>\n<li>Previous experience in conducting trainings with youth.<\/li>\n<li>In-depth knowledge of good governance, anti-corruption, and civic engagement.<\/li>\n<li>Strong communication skills.<\/li>\n<li>Excellent command of the Albanian language.<\/li>\n<\/ul>\n<p>&nbsp;<\/p>\n<p>All interested candidates are invited to submit their financial offer and CV no later than September 26, 2025, via email at qendra.cedi@gmai.com<\/p>\n<p><strong>***<\/strong><\/p>\n<p><strong>\u00a0<\/strong><\/p>\n<p><strong>HAPET THIRRJA P\u00cbR DY EKSPERT N\u00cb KUAD\u00cbR T\u00cb PROJEKTIT \u201cLUFTA KUND\u00cbR KORRUPSIONIT: TI MUND T\u00cb KONTRIBUOSH!\u201d\u00a0 <\/strong><\/p>\n<p>Data e hapjes s\u00eb thirrjes: \u00a0\u00a0\u00a0\u00a0\u00a0\u00a0\u00a0\u00a0\u00a0\u00a0\u00a0\u00a0\u00a0\u00a0\u00a0\u00a0\u00a0\u00a0\u00a0 17 shtator 2025<\/p>\n<p>Titulli:\u00a0\u00a0\u00a0\u00a0\u00a0\u00a0\u00a0\u00a0\u00a0\u00a0\u00a0\u00a0\u00a0\u00a0\u00a0\u00a0\u00a0\u00a0\u00a0\u00a0\u00a0\u00a0\u00a0\u00a0\u00a0\u00a0\u00a0\u00a0\u00a0\u00a0\u00a0\u00a0\u00a0\u00a0\u00a0\u00a0\u00a0 \u00a0\u00a0\u00a0\u00a0\u00a0\u00a0\u00a0\u00a0\u00a0\u00a0\u00a0 Ekspert p\u00ebr zhvillimin e trajnimeve<\/p>\n<p>Vendndodhja: \u00a0\u00a0\u00a0\u00a0\u00a0\u00a0\u00a0\u00a0\u00a0\u00a0\u00a0\u00a0\u00a0\u00a0\u00a0\u00a0\u00a0\u00a0\u00a0\u00a0\u00a0\u00a0\u00a0\u00a0 \u00a0\u00a0\u00a0\u00a0\u00a0\u00a0\u00a0\u00a0\u00a0\u00a0\u00a0 \u00a0Shijak dhe P\u00ebrmet<\/p>\n<p>Fillimi i kontrat\u00ebs:\u00a0\u00a0\u00a0\u00a0\u00a0\u00a0 \u00a0\u00a0\u00a0\u00a0\u00a0\u00a0\u00a0\u00a0\u00a0\u00a0 \u00a0\u00a0\u00a0\u00a0\u00a0\u00a0\u00a0\u00a0\u00a0\u00a0\u00a0 \u00a030 shtator 2025<\/p>\n<p>P\u00ebrfundimi i kontrat\u00ebs:\u00a0\u00a0\u00a0\u00a0\u00a0\u00a0\u00a0\u00a0\u00a0\u00a0\u00a0 \u00a0\u00a0\u00a0\u00a0\u00a0\u00a0\u00a0\u00a0\u00a0\u00a0\u00a0 28 shkurt 2026<\/p>\n<p><strong>\u00a0<\/strong><\/p>\n<p><strong>P\u00ebrshkrimi <\/strong><\/p>\n<p>Qendra CEDI me mb\u00ebshtetjen e AMSHC, po zbaton projektin \u201cLufta kund\u00ebr korrupsionit: ti mund t\u00eb kontribuosh!\u201d i cili ka p\u00ebr q\u00ebllim t\u00eb kontribuoj\u00eb n\u00eb p\u00ebrmir\u00ebsimin e qeverisjes s\u00eb mir\u00eb dhe p\u00ebrmbushjen e k\u00ebrkesave p\u00ebr integrimin e Shqip\u00ebris\u00eb n\u00eb BE, duke u fokusuar n\u00eb dy drejtime kryesore: rritjen e transparenc\u00ebs dhe llogaridh\u00ebnies n\u00eb nivel vendor dhe angazhimin e t\u00eb rinjve n\u00eb luft\u00ebn kund\u00ebr korrupsionit. N\u00eb k\u00ebt\u00eb kuad\u00ebr do t\u00eb organizohen dy trajnime 2-ditore n\u00eb Bashkin\u00eb P\u00ebrmet dhe Shijak me q\u00ebllim rritjen e vet\u00ebdijes, njohurive dhe angazhimit t\u00eb t\u00eb rinjve ,p\u00ebrfshir\u00eb an\u00ebtar\u00eb t\u00eb K\u00ebshillit Vendor Rinor (KVR), nx\u00ebn\u00ebs t\u00eb shkollave t\u00eb mesme dhe profesionist\u00eb t\u00eb rinj\u00a0 n\u00eb luft\u00ebn kund\u00ebr korrupsionit. Trajnimet synojn\u00eb t\u00eb zhvillojn\u00eb kapacitetet e pjes\u00ebmarr\u00ebsve p\u00ebr t\u00eb identifikuar, adresuar dhe parandaluar format e ndryshme t\u00eb korrupsionit n\u00eb jet\u00ebn publike dhe institucionale.<\/p>\n<p><strong>Objektivi <\/strong><\/p>\n<p>Qendra CEDI do t\u00eb kontraktoj\u00eb dy Ekspert\u00eb, t\u00eb cil\u00ebt do t\u00eb jen\u00eb p\u00ebrgjegj\u00ebs p\u00ebr hartimin e programit t\u00eb trajnimit, p\u00ebrgatitjen e materialeve t\u00eb nevojshme dhe realizimin praktik t\u00eb trajnimeve. Ata do t\u00eb punojn\u00eb ngusht\u00eb me organizator\u00ebt p\u00ebr t\u00eb p\u00ebrshtatur p\u00ebrmbajtjen sipas nivelit t\u00eb njohurive dhe nevojave t\u00eb grupit t\u00eb synuar. \u00c7do trajnim do t\u00eb zgjas\u00eb dy dit\u00eb dhe pritet t\u00eb p\u00ebrfshij\u00eb sesione interaktive, diskutime n\u00eb grupe, ushtrime praktike dhe ndarje p\u00ebrvojash q\u00eb lidhen me integritetin, transparenc\u00ebn dhe mekanizmat antikorrupsion.<\/p>\n<p><strong>Detyrat dhe p\u00ebrgjegj\u00ebsit\u00eb<\/strong><br \/>M\u00eb konkretisht, detyrat q\u00eb k\u00ebrkohen nga Ekspert\u00ebt jan\u00eb si m\u00eb posht\u00eb:<\/p>\n<ul>\n<li>Hartimi i metodologjis\u00eb s\u00eb trajnimit n\u00eb koordinim me organizator\u00ebt;<\/li>\n<li>P\u00ebrgatitja e materialeve t\u00eb trajnimin;<\/li>\n<li>Bashk\u00ebpunimi me stafin organizues p\u00ebr p\u00ebrzgjedhjen e pjes\u00ebmarr\u00ebsve dhe logjistik\u00ebn.<\/li>\n<li>Raportimi pran\u00eb Qendr\u00ebs CEDI.<\/li>\n<\/ul>\n<p><strong>\u00a0<\/strong><\/p>\n<p><strong>Kualifikimet dhe k\u00ebrkesat e nevojshme:<\/strong><\/p>\n<ul>\n<li>Diplom\u00eb universitare n\u00eb shkenca politike, juridik, administrat\u00eb publike, edukim ose fusha t\u00eb ngjashme;<\/li>\n<li>Eksperienc\u00eb e m\u00ebpar\u00ebshme p\u00ebr trajnimet me t\u00eb rinj;<\/li>\n<li>Njohuri t\u00eb thelluara mbi qeverisjen e mir\u00eb, antikorrupsionin dhe angazhimin qytetar;<\/li>\n<li>Aft\u00ebsi t\u00eb mira n\u00eb komunikim;<\/li>\n<li>Njohje shum\u00eb e mir\u00eb e gjuh\u00ebs shqipe<\/li>\n<\/ul>\n<p>&nbsp;<\/p>\n<p>T\u00eb gjith\u00eb t\u00eb interesuarit ftohen t\u00eb d\u00ebrgojn\u00eb ofert\u00ebn e tyre financiare dhe CV-t\u00eb deri m\u00eb \u00a026 shtator 2025, n\u00ebpermjet post\u00ebs elektronike n\u00eb adres\u00ebn <a href=\"mailto:qendra.cedi@gmail.com\">qendra.cedi@gmail.com<\/a> <br \/>Vet\u00ebm kandidati i p\u00ebrzgjedhur do t\u00eb njoftohet p\u00ebr procedurat e m\u00ebtejshme.<\/p>\n<p>&nbsp;<\/p>\n<p>[\/et_pb_text][\/et_pb_column][\/et_pb_row][\/et_pb_section]<\/p>\n","protected":false},"excerpt":{"rendered":"<p>\u00a0 CALL FOR APPLICATIONS: TWO TRAINING EXPERTS IN THE FRAMEWORK OF THE PROJECT \u201cFIGHTING CORRUPTION: YOU CAN CONTRIBUTE!\u201d Opening date of the call: \u00a0\u00a0\u00a0\u00a0\u00a0\u00a0\u00a0\u00a0\u00a0\u00a0\u00a0\u00a0\u00a0\u00a0\u00a0\u00a0 September 17, 2025Title: \u00a0\u00a0\u00a0\u00a0\u00a0\u00a0\u00a0\u00a0\u00a0\u00a0\u00a0\u00a0\u00a0\u00a0\u00a0\u00a0\u00a0\u00a0\u00a0\u00a0\u00a0\u00a0\u00a0\u00a0\u00a0\u00a0\u00a0\u00a0\u00a0\u00a0\u00a0\u00a0\u00a0\u00a0\u00a0\u00a0\u00a0\u00a0\u00a0\u00a0\u00a0\u00a0\u00a0\u00a0\u00a0\u00a0\u00a0\u00a0\u00a0 Experts for Training DevelopmentLocation: \u00a0\u00a0\u00a0\u00a0\u00a0\u00a0\u00a0\u00a0\u00a0\u00a0\u00a0\u00a0\u00a0\u00a0\u00a0\u00a0\u00a0\u00a0\u00a0\u00a0\u00a0\u00a0\u00a0\u00a0\u00a0\u00a0\u00a0\u00a0\u00a0\u00a0\u00a0\u00a0\u00a0\u00a0\u00a0\u00a0\u00a0\u00a0\u00a0\u00a0\u00a0\u00a0 Shijak and P\u00ebrmetContract start date: \u00a0\u00a0\u00a0\u00a0\u00a0\u00a0\u00a0\u00a0\u00a0\u00a0\u00a0\u00a0\u00a0\u00a0\u00a0\u00a0\u00a0\u00a0\u00a0\u00a0\u00a0\u00a0\u00a0\u00a0 September 30, 2025Contract end date: \u00a0\u00a0\u00a0\u00a0\u00a0\u00a0\u00a0\u00a0\u00a0\u00a0\u00a0\u00a0\u00a0\u00a0\u00a0\u00a0\u00a0\u00a0\u00a0\u00a0\u00a0\u00a0\u00a0\u00a0\u00a0\u00a0 February 28, 2026 &nbsp; Description CEDI Center, with the support [&hellip;]<\/p>\n","protected":false},"author":2,"featured_media":0,"parent":0,"menu_order":0,"comment_status":"closed","ping_status":"closed","template":"","meta":{"_et_pb_use_builder":"on","_et_pb_old_content":"","_et_gb_content_width":"","footnotes":""},"dipi_cpt_category":[],"class_list":["post-664","page","type-page","status-publish","hentry"],"_links":{"self":[{"href":"https:\/\/cedicentre.org\/index.php?rest_route=\/wp\/v2\/pages\/664","targetHints":{"allow":["GET"]}}],"collection":[{"href":"https:\/\/cedicentre.org\/index.php?rest_route=\/wp\/v2\/pages"}],"about":[{"href":"https:\/\/cedicentre.org\/index.php?rest_route=\/wp\/v2\/types\/page"}],"author":[{"embeddable":true,"href":"https:\/\/cedicentre.org\/index.php?rest_route=\/wp\/v2\/users\/2"}],"replies":[{"embeddable":true,"href":"https:\/\/cedicentre.org\/index.php?rest_route=%2Fwp%2Fv2%2Fcomments&post=664"}],"version-history":[{"count":2,"href":"https:\/\/cedicentre.org\/index.php?rest_route=\/wp\/v2\/pages\/664\/revisions"}],"predecessor-version":[{"id":666,"href":"https:\/\/cedicentre.org\/index.php?rest_route=\/wp\/v2\/pages\/664\/revisions\/666"}],"wp:attachment":[{"href":"https:\/\/cedicentre.org\/index.php?rest_route=%2Fwp%2Fv2%2Fmedia&parent=664"}],"wp:term":[{"taxonomy":"dipi_cpt_category","embeddable":true,"href":"https:\/\/cedicentre.org\/index.php?rest_route=%2Fwp%2Fv2%2Fdipi_cpt_category&post=664"}],"curies":[{"name":"wp","href":"https:\/\/api.w.org\/{rel}","templated":true}]}}